52 a multiple of 129?
False
Is 19735875 a multiple of 5?
True
Is 159 a factor of 880072950?
True
Is 4531080 a multiple of 610?
True
Is 8 a factor of 89522155?
False
Is 3062 a factor of 588656407?
False
Is 169780354 a multiple of 1042?
True
Does 713 divide 1462816343?
False
Does 160 divide 181263520?
True
Is 18 a factor of 108133777?
False
Is 64297125 a multiple of 135?
True
Is 3132023 a multiple of 71?
True
Does 2433 divide 33732491?
False
Is 48747777 a multiple of 4?
False
Is 2299917016 a multiple of 10484?
True
Is 23 a factor of 146373288?
True
Is 30724030 a multiple of 10?
True
Is 27 a factor of 35362246?
False
Is 477150171 a multiple of 52?
False
Is 12 a factor of 5870247?
False
Does 258 divide 1110934068?
True
Is 499918505 a multiple of 1848?
False
Is 121 a factor of 263410708?
True
Does 67 divide 1135957927?
False
Is 21 a factor of 3928103382?
True
Is 57039094 a multiple of 1337?
True
Is 2413 a factor of 298558744?
False
Does 32 divide 647232930?
False
Is 3 a factor of 47560404?
True
Is 62 a factor of 8810696?
True
Is 123 a factor of 789779067?
False
Does 43 divide 666731807?
False
Is 30633890 a multiple of 60?
False
Is 539648284 a multiple of 2149?
True
Is 2157 a factor of 46621068?
False
Does 997 divide 6067319272?
True
Is 14 a factor of 89384554?
True
Does 630 divide 2295061020?
True
Is 3 a factor of 84492216?
True
Is 2970184690 a multiple of 55?
True
Is 49 a factor of 163736685?
True
Is 25 a factor of 6086375?
True
Is 16 a factor of 100714173?
False
Is 2916281925 a multiple of 25?
True
Does 63 divide 130566959?
False
Is 37 a factor of 230960041?
False
Is 1557 a factor of 1865410560?
True
Is 172 a factor of 38325286?
False
Is 945 a factor of 7426755?
True
Does 218 divide 445813270?
True
Is 1438 a factor of 1296522370?
True
Is 56 a factor of 49038528?
True
Is 1093 a factor of 73285650?
True
Does 116 divide 1434652079?
False
Is 29304171 a multiple of 5329?
True
Is 117022198 a multiple of 47?
True
Is 1523 a factor of 69032652?
False
Is 17541615 a multiple of 181?
True
Is 7 a factor of 24065557?
False
Is 1022 a factor of 169853173?
False
Is 141 a factor of 26673111?
True
Is 7 a factor of 766472?
True
Does 448 divide 3348060352?
True
Is 2312540160 a multiple of 3192?
True
Does 966 divide 59002188?
False
Is 44 a factor of 1905074748?
False
Does 119 divide 280800058?
False
Does 36 divide 61475670?
False
Does 868 divide 60437104?
True
Is 8463 a factor of 3175901547?
True
Is 11 a factor of 10068231?
False
Is 1189 a factor of 73953422?
True
Does 168 divide 25314072?
True
Is 20 a factor of 2734281?
False
Does 36 divide 172239984?
True
Is 266558770 a multiple of 6240?
False
Is 73 a factor of 3479635082?
True
Does 177 divide 978981330?
False
Does 33 divide 21050205?
True
Does 2 divide 9645696?
True
Is 4750397523 a multiple of 259?
False
Is 231072907 a multiple of 9?
False
Is 869 a factor of 1907368176?
False
Is 522081752 a multiple of 3694?
False
Is 27 a factor of 86142267?
False
Is 198 a factor of 4877136?
True
Does 15 divide 147907785?
True
Is 244137498 a multiple of 627?
True
Is 9 a factor of 14066974?
False
Is 893695788 a multiple of 778?
False
Is 1907 a factor of 199437874?
True
Is 90 a factor of 4244500?
False
Is 62 a factor of 69164782?
True
Is 315637557 a multiple of 57?
True
Does 704 divide 4224704?
True
Is 1502863458 a multiple of 1437?
True
Is 2 a factor of 7472430?
True
Is 23459220 a multiple of 540?
True
Does 26 divide 414475021?
False
Does 123 divide 2304651?
True
Is 29 a factor of 1750643435?
True
Is 206662731 a multiple of 329?
False
Does 284 divide 64720958?
False
Is 65466988 a multiple of 404?
True
Is 29953096 a multiple of 9337?
True
Is 1702 a factor of 241345302?
True
Is 58964320 a multiple of 20?
True
Is 15 a factor of 370427310?
True
Is 1514927163 a multiple of 7433?
True
Is 3896880 even?
True
Is 8 a factor of 197640852?
False
Is 640513776 a multiple of 793?
False
Is 396665185 a multiple of 3086?
False
Is 151402717 a multiple of 151?
True
Is 162 a factor of 27855188?
False
Is 614 a factor of 1293084?
True
Is 1141 a factor of 45611863?
False
Is 2 a factor of 102355133?
False
Does 153 divide 76184973?
True
Does 673 divide 1497210986?
True
Does 28 divide 418646704?
True
Does 54 divide 2986404336?
True
Is 22229678 a multiple of 214?
True
Is 1672 a factor of 123368520?
True
Is 76 a factor of 37892232?
True
Does 131 divide 13817749?
True
Is 409008248 a multiple of 13?
False
Is 14206495 a multiple of 15?
False
Is 854 a factor of 64164436?
True
Does 379 divide 423192916?
True
Does 960 divide 138327668?
False
Does 12 divide 65100660?
True
Does 672 divide 458015712?
True
Is 12 a factor of 61860173?
False
Does 53 divide 10120509?
True
Is 330753964 a multiple of 10?
False
Does 5504 divide 1143136419?
False
Does 1064 divide 2109361643?
False
Is 948 a factor of 1765335705?
False
Is 49 a factor of 228879102?
False
Is 253 a factor of 32161975?
False
Is 95 a factor of 244526960?
True
Does 1040 divide 97296232?
False
Is 110553234 a multiple of 267?
False
Is 98 a factor of 78697920?
True
Does 181 divide 507981087?
False
Is 4325 a factor of 3190645255?
False
Is 11413245 a multiple of 14?
False
Is 1932952992 a multiple of 38?
True
Does 257 divide 483851330?
True
Is 39839755 a multiple of 20?
False
Does 712 divide 205428608?
False
Does 14 divide 85225168?
True
Is 81315265 a multiple of 5?
True
Is 99534477 a multiple of 159?
True
Is 59481 a multiple of 57?
False
Does 51 divide 1033360980?
True
Does 779 divide 4182438536?
True
Is 14 a factor of 4423818?
True
Does 9 divide 304963398?
True
Does 673 divide 824692854?
True
Is 537102029 a multiple of 19?
False
Is 164301900 a multiple of 42?
True
Does 75 divide 697283700?
True
Is 266 a factor of 696528182?
True
Does 36 divide 1168811064?
True
Does 174 divide 4447614?
True
Does 16 divide 2199365925?
False
Is 14838114 a multiple of 243?
False
Does 88 divide 322817880?
True
Does 68 divide 23239680?
True
Does 128 divide 97461888?
True
Is 221 a factor of 152507901?
True
Is 4744572592 a multiple of 6632?
True
Is 271580007 a multiple of 417?
True
Is 44400906 a multiple of 306?
True
Does 92 divide 2226015900?
True
Is 624 a factor of 2128734816?
True
Is 31486507 a multiple of 24?
False
Is 52407624 a multiple of 57?
True
Is 100879046 a multiple of 15?
False
Is 277 a factor of 499306350?
True
Is 1193 a factor of 37290794?
True
Is 357 a factor of 359564990?
False
Is 23 a factor of 817737147?
True
Is 274 a factor of 539101564?
False
Is 122 a factor of 29663080?
True
Does 1002 divide 150300?
True
Is 198737660 a multiple of 451?
True
Is 300 a factor of 31720500?
True
Is 943548018 a multiple of 147?
True
Does 13 divide 37894259?
True
Does 250 divide 50538299?
False
Is 482939967 even?
False
Does 292 divide 269499456?
False
Does 2181 divide 140791426?
False
Does 14278 divide 43168040?
False
Does 45 divide 9458211?
False
Is 549690660 a multiple of 45?
True
Does 349 divide 154073643?
False
Is 67 a factor of 140098474?
True
Does 4 divide 7882934?
False
Does 2 divide 168233030?
True
Is 678315176 a multiple of 332?
True
Is 5597 a factor of 1259235448?
True
Does 4 divide 1141124?
True
Is 237812044 a multiple of 4655?
False
Is 905785343 a multiple of 1030?
False
Does 2113 divide 97590329?
False
Is 66439312 a multiple of 229?
True
Is 27352715 a multiple of 117?
False
Does 197 divide 34833279?
False
Does 2645 divide 68538696?
False
Is 35 a factor of 17319190?
True
Does 36 divide 33862594?
False
Is 70824728 a multiple of 1508?
True
Is 617 a factor of 170016024?
False
Is 2635276595 a multiple of 295?
True
Is 49728584 a multiple of 10?
False
Does 61 divide 76885193?
True
Is 820 a factor of 20672824?
False
Is 19350204 a multiple of 108?
False
Is 5192980 a multiple of 41?
False
Does 64 divide 5234176?
True
Does 10 divide 899640?
True
Is 22341451 a multiple of 407?
True
Does 18 divide 1711548?
True
Is 2 a factor of 7836745?
False
Is 260 a factor of 60485096?
False
Is 95547152 a multiple of 368?
True
Is 36889100 a multiple of 1940?
True
Does 801 divide 520053255?
True
Does 5169 divide 206527406?
False
Is 244 a factor of 23607593?
False
Is 265 a factor of 5586465?
True
Does 997 divide 28557071?
True
Does 76 divide 30133533?
False
Does 2266 divide 63511834?
False
Does 173 divide 74711728?
False
Is 164982114 a multiple of 2706?
True
Is 